 the third derivative of q**5/12 - q**4/24 - q**3/6 + 4*q**2. List the prime factors of n(3).
41
Let x(m) = -2*m - 2. Let o be x(2). Let z = 21 + o. What are the prime factors of z?
3, 5
Let k(v) = 3*v - 13. Let g be k(6). Suppose -x + 90 = -0*r + 5*r, g*x + 25 = 0. What are the prime factors of r?
19
Suppose 0 = 3*a - 2*a - 12. Suppose -s - a = -4*s. List the prime factors of s.
2
Suppose -d - 7 = -2*t - 0*d, 4*t - 17 = 3*d. Let f be 1*10*t/4. Suppose 3*n - 10 = -0*n + 2*k, 3*n + f*k + 4 = 0. List the prime factors of n.
2
Let b = 11 - 7. Suppose -3*q = -t + 3, 2*t - 2*q - 2*q - b = 0. Suppose -z = -t*z - 11. What are the prime factors of z?
11
Suppose 3*r - 72 = -q + 4*q, 3*r + 3*q - 90 = 0. Suppose -19 = -2*c + r. What are the prime factors of c?
23
Suppose 10*i - 3 = 9*i. Suppose -i*x + 52 = u - 0*u, -4*x = -16. What are the prime factors of u?
2, 5
Suppose 6*c + 21 = 3*c. Let p(f) = -f**3 - 4*f**2 + 15*f. What are the prime factors of p(c)?
2, 3, 7
Let m(j) = -4 - 902*j + 4 + 905*j. Suppose 2*f - 13 = -5. What are the prime factors of m(f)?
2, 3
Suppose 0*u - 4*u + 60 = 0. Let i = -1 - -28. Let w = i - u. List the prime factors of w.
2, 3
Let g = -5 + 8. Suppose 18 = 2*j + d + g*d, j - 2*d - 1 = 0. What are the prime factors of j?
5
Suppose 7*w - 9*w + 130 = 0. List the prime factors of w.
5, 13
Suppose 0 = 5*x + 4 - 19, 0 = d - x - 9. Let o = d - 0. Suppose 47 = 5*j + o. What are the prime factors of j?
7
What are the prime factors of (12/(-9))/((-3)/315)?
2, 5, 7
Suppose 0 = 2*s + 6, -r - 4*s - s = 15. Suppose r = -5*x + 31 + 4. What are the prime factors of x?
7
Let t(k) be the second derivative of k**5/20 - 3*k**4/4 - k**3 + 5*k**2 - 6*k. List the prime factors of t(10).
2, 5
Let a be (-5 + 8)*1/(-3). Let p = 4 + a. Suppose -28 = -7*w + p*w. What are the prime factors of w?
7
Let s(g) = g**3 + 2*g**2 - 2*g + 30. What are the prime factors of s(0)?
2, 3, 5
List the prime factors of 260/14 + (-6)/(-14).
19
Suppose -u - o = -2 - 5, 5*o = 10. Let z(d) = 2*d - 7. Let f be z(u). What are the prime factors of 13 - (f + (-1)/1)?
11
Suppose 6*l - 2*l = -24. Let o be (34/(-4))/(3/l). Let z = o - 12. List the prime factors of z.
5
Suppose 0 = 4*h - 28 - 272. Suppose 0 = -4*a + 5 + h. List the prime factors of a.
2, 5
Let f = -31 + 66. Let s = -23 + f. What are the prime factors of s?
2, 3
Suppose -4*j = -2*k - 8, 3*k = -5*j - 2 + 12. Suppose -4*s - s + 20 = 0. Let p = s - k. List the prime factors of p.
2
Suppose f = 4*s + 7, -2*s = -2*f - 2*f. List the prime factors of f/(-2) - (-9)/6.
2
Let v(m) = m**3 - 4*m**2 - 5*m - 6. Let x be v(5). Let z = 1 - x. Let p = 18 - z. What are the prime factors of p?
11
Let z = 354 - 181. What are the prime factors of z?
173
List the prime factors of (-14)/(-6) + (-17)/51.
2
Let y be 10/(-3)*(-12)/(-4). List the prime factors of 360/(-9)*4/y.
2
Let y = 47 + -5. List the prime factors of y.
2, 3, 7
Suppose -3*v - 3*w = -4*v + 22, -4*v + 55 = -w. Let r = v + -3. What are the prime factors of r?
2, 5
Let x(l) = l**3 + 4*l**2 - 2*l - 6. Let o be x(-4). Let y = 3 - 3. Suppose o*i - 22 = 5*m, -i + y = -3*m - 11. What are the prime factors of i?
11
Suppose 4*s + 0 = 8. Suppose s*m + m = -4*f + 31, -3*m + 2*f + 61 = 0. Suppose 5*y - 13 - m = 0. List the prime factors of y.
2, 3
Let v(o) = 105*o - 3. Let t be v(-1). Let d = t - -152. List the prime factors of d.
2, 11
Let w be (-4)/(-8)*0 + 3. Suppose 6 = w*t - 15. List the prime factors of t.
7
Let g = 13 + -9. Suppose u = n - 7, 4*n + g*u + 7 = 75. List the prime factors of n.
2, 3
What are the prime factors of (2/6)/((-8)/(-72))?
3
Suppose -16 = 2*b + 3*a, -b - 7 = 4*a + 6. Let x be b/(-25) + 178/10. Suppose 2*c + 3*h - 18 = 0, 0 = -6*c + 8*c - h - x. What are the prime factors of c?
3
Let o = -79 + 127. What are the prime factors of o?
2, 3
Let n(o) be the second derivative of o**5/20 + 2*o**4/3 + o**3 - o**2 - 2*o. Let p be n(-7). Suppose 0 = 5*m - p - 30. What are the prime factors of m?
7
Suppose 0 = c - 5*q - 3, -4*c + 54 = 5*q + 17. Suppose a + 3*a = c. What are the prime factors of 10/4*1*a?
5
Suppose 2*f + j = f + 1, 4*f = -2*j - 2. Let g be (-2 - f) + 0/2. What are the prime factors of 2*(3 + (g - 0))?
2, 3
Let a(x) = -x**2 - 8*x. Let u = -7 + 10. Suppose -6*c + u*c = 18. What are the prime factors of a(c)?
2, 3
Suppose 105 = 5*v - 5*z, -v + 5 = 3*z - 4. Suppose 4*l = s - 18, v = s + 2*l - 3*l. List the prime factors of s.
2, 3
Let b(a) be the third derivative of a**5/60 - a**4/12 + 2*a**3/3 - 2*a**2. List the prime factors of b(4).
2, 3
Let l be 12*(-20)/(-32)*6. List the prime factors of (7/(-3))/((-5)/l).
3, 7
Let g(i) be the second derivative of i**5/20 - i**4/6 + i**3/2 - i**2/2 - 11*i. Let k be (1 - 0)*(3 - 0). List the prime factors of g(k).
17
Suppose y = -4*y. Suppose y = 2*k + k - 51. List the prime factors of k.
17
Suppose 7*g = 5*g - 20. Let x = g - -14. Suppose 0 = -2*q + 10, 0 = x*j + q - 3 - 10. What are the prime factors of j?
2
Let j be (9/(36/16))/4. Let t(a) = 40*a - 2. What are the prime factors of t(j)?
2, 19
Suppose 4*s - 129 - 7 = 0. What are the prime factors of s?
2, 17
Let a be (2 - (1 - -2))*-3. Suppose -5*o - 2*g = a*g - 65, -g = -3*o + 27. What are the prime factors of o?
2, 5
Let i be ((-12)/(-10))/(14/(-70)). What are the prime factors of (-7)/((i/(-9))/(-2))?
3, 7
What are the prime factors of 5 + 17/((-34)/(-828))?
419
Let f be 24*(-1 - 21/(-12)). Suppose 3*m + 2*q + 47 = 0, -2*m - 7 - f = -5*q. Let s = 24 + m. What are the prime factors of s?
3
Suppose -c - 18 = -4*j + c, 5*j - 21 = 2*c. Suppose 42 = j*f - 5*f. List the prime factors of (f - -3)*2/(-3).
2, 3
Let g(j) be the second derivative of j**4/12 + j**3 + 2*j**2 + 2*j. Let i be g(-6). Suppose -i*c - c + 15 = 0. List the prime factors of c.
3
Let w(f) = -13*f - 8. What are the prime factors of w(-2)?
2, 3
Suppose 4*u = -28 + 180. Suppose 0*g = -2*g + 8. Suppose u = g*b - 10. What are the prime factors of b?
2, 3
Let r be (-10 - 2/(-1)) + -1. Let o = -4 - r. Suppose o*i = c + c - 34, -c + 22 = -5*i. List the prime factors of c.
2, 3
List the prime factors of (2090/(-33))/(4/(-18)).
3, 5, 19
Suppose 5*r - 2*w = 44, -5*r - 5*w + w = -32. What are the prime factors of r?
2
Suppose -5*g + b + 6 = 0, g - 2*b - 7 = -4. What are the prime factors of 1*(g - -31) + 3?
5, 7
Suppose 0*p + 242 = b + 4*p, -3*b + 794 = -5*p. List the prime factors of b.
2, 3, 43
Let x(r) = -r + 1. Let v(k) = -4*k + 2. Let o(i) = -4*v(i) + 8*x(i). What are the prime factors of o(1)?
2
Let p(l) = 2*l**2 - 5*l + 1. Let z be (-15)/(-4) + (-3)/(-12). Let t be p(z). Let g = t + -8. List the prime factors of g.
5
Let w(t) = -t**3 - t**2 + 3. What are the prime factors of w(0)?
3
Suppose -4*w - 3*k - 6 = -5*k, 0 = -w + 3*k - 9. Suppose w = -2*q + 38 - 8. What are the prime factors of q?
3, 5
Suppose -3*u + 5*u - 6 = j, 3*j = 6. Suppose d = 2*d - 5, u*i + d = 17. Suppose 2*b - 30 = -i*b. What are the prime factors of b?
2, 3
List the prime factors of ((-2384)/64 - (-3)/(-4))/(-1).
2, 19
Let y be (27/4)/(18/(-48)). Let u = y - -10. Let f = 2 - u. List the prime factors of f.
2, 5
Suppose 10*l = 12*l - 334. List the prime factors of l.
167
Let d(p) = p - 11. Let z(c) = 2*c - 11. Let i(a) = -3*d(a) + 2*z(a). What are the prime factors of i(-5)?
2, 3
Let g(o) = -1. Let h(w) = 13*w - 2. Let r(c) = 4*g(c) - h(c). List the prime factors of r(-3).
37
Let n = -52 + 114. Let v be ((-3)/1)/((-12)/8). Suppose -a - n = -5*a + 2*c, -5*c = -v*a + 11. List the prime factors of a.
2, 3
Let p(b) = 3 - b + 5 - 3 - 2. Let n be p(5). What are the prime factors of -3 - n - (-13 + 0)?
2, 3
Let l(o) = -2*o**2 - 13*o + 14. List the prime factors of l(-7).
7
Suppose -5*w = 2*v - 7, v = -0*v - 4. Suppose w*n = 199 - 73. List the prime factors of n.
2, 3, 7
Suppose h - 648 = -4*t, -3*t - 3*h = -675 + 180. What are the prime factors of t?
7, 23
Let i = -46 + 44. Let h(s) = -10*s + 3. Let b(a) = 5*a - 1. Let j(u) = -9*b(u) - 4*h(u). What are the prime factors of j(i)?
7
Let i(q) = 4*q - 2. Suppose -3*y + 35 = -8*y. Let v(w) = -9*w + 4. Let r(h) = y*i(h) - 3*v(h). List the prime factors of r(-3).
5
Let u = 254 - 168. List the prime factors of u.
2, 43
Suppose -10*w = -1743 + 423. What are the prime factors of w?
2, 3, 11
Let z(i) = -3*